{"id":34,"date":"2026-01-03T09:45:09","date_gmt":"2026-01-03T08:45:09","guid":{"rendered":"https:\/\/testy67.pl\/?page_id=34"},"modified":"2026-02-16T14:21:50","modified_gmt":"2026-02-16T13:21:50","slug":"home","status":"publish","type":"page","link":"https:\/\/testy67.pl\/","title":{"rendered":"Home"},"content":{"rendered":"\n<div class=\"wp-block-columns alignwide is-layout-flex wp-container-core-columns-is-layout-28f84493 wp-block-columns-is-layout-flex\">\n<div class=\"wp-block-column has-ast-global-color-4-background-color has-background is-layout-flow wp-block-column-is-layout-flow\">\n<h1 class=\"wp-block-heading alignfull has-text-align-left has-x-large-font-size\" style=\"margin-top:0;margin-bottom:0\">Biuro rachunkowe \u2013 ksi\u0119gowo\u015b\u0107 ma\u0142ych firm<\/h1>\n\n\n\n<hr class=\"wp-block-separator has-alpha-channel-opacity\" style=\"margin-top:var(--wp--preset--spacing--50);margin-bottom:var(--wp--preset--spacing--50)\"\/>\n\n\n\n<h2 class=\"wp-block-heading\" style=\"padding-top:var(--wp--preset--spacing--20);padding-bottom:var(--wp--preset--spacing--20)\">Szukasz sprawdzonej, pewnej ksi\u0119gowo\u015bci?<\/h2>\n\n\n\n<p class=\"has-medium-font-size\" style=\"margin-top:var(--wp--preset--spacing--40);margin-bottom:var(--wp--preset--spacing--40)\">Do\u0142\u0105cz do ponad 150 firm, kt\u00f3re nam zaufa\u0142y i ciesz si\u0119 spokojem z podatkami! Monitorujemy, doradzamy, analizujemy i rozliczamy \u2013 wszystko po to aby\u015b m\u00f3g\u0142 jak najbardziej skupi\u0107 si\u0119 na prowadzeniu firmy! Dzi\u0119ki nam podatki twojej firmy b\u0119d\u0105 prostsze!<\/p>\n\n\n\n<div class=\"wp-block-buttons alignwide is-content-justification-center is-layout-flex wp-container-core-buttons-is-layout-9033c490 wp-block-buttons-is-layout-flex\" style=\"margin-top:var(--wp--preset--spacing--80);margin-bottom:var(--wp--preset--spacing--80)\">\n<div class=\"wp-block-button\"><a class=\"wp-block-button__link has-ast-global-color-4-color has-ast-global-color-8-background-color has-text-color has-background has-link-color has-medium-font-size has-text-align-center has-custom-font-size wp-element-button\" href=\"https:\/\/testy67.pl\/?page_id=21\" style=\"border-style:none;border-width:0px;border-top-left-radius:100px;border-top-right-radius:100px;border-bottom-left-radius:100px;border-bottom-right-radius:100px\"><strong>Rozpocznij wsp\u00f3\u0142prac\u0119!<\/strong><\/a><\/div>\n<\/div>\n<\/div>\n\n\n\n<div class=\"wp-block-column is-layout-flow wp-block-column-is-layout-flow\">\n<figure class=\"wp-block-image alignfull size-large has-custom-border\"><img fetchpriority=\"high\" decoding=\"async\" width=\"741\" height=\"1024\" src=\"https:\/\/testy67.pl\/wp-content\/uploads\/2026\/01\/IMG_8936-741x1024.jpg\" alt=\"\" class=\"wp-image-273\" style=\"border-top-left-radius:100px;border-top-right-radius:100px;border-bottom-left-radius:100px;border-bottom-right-radius:100px\" srcset=\"https:\/\/testy67.pl\/wp-content\/uploads\/2026\/01\/IMG_8936-741x1024.jpg 741w, https:\/\/testy67.pl\/wp-content\/uploads\/2026\/01\/IMG_8936-217x300.jpg 217w, https:\/\/testy67.pl\/wp-content\/uploads\/2026\/01\/IMG_8936-768x1061.jpg 768w, https:\/\/testy67.pl\/wp-content\/uploads\/2026\/01\/IMG_8936-1112x1536.jpg 1112w, https:\/\/testy67.pl\/wp-content\/uploads\/2026\/01\/IMG_8936-1482x2048.jpg 1482w, https:\/\/testy67.pl\/wp-content\/uploads\/2026\/01\/IMG_8936-scaled.jpg 1853w\" sizes=\"(max-width: 741px) 100vw, 741px\" \/><\/figure>\n<\/div>\n<\/div>\n\n\n\n<hr class=\"wp-block-separator alignfull has-alpha-channel-opacity is-style-wide\"\/>\n\n\n\n<div class=\"wp-block-columns fade-in1 is-layout-flex wp-container-core-columns-is-layout-28f84493 wp-block-columns-is-layout-flex\">\n<div class=\"wp-block-column is-layout-flow wp-block-column-is-layout-flow\" style=\"padding-top:0;padding-right:var(--wp--preset--spacing--20);padding-bottom:0;padding-left:var(--wp--preset--spacing--20)\">\n<h2 class=\"wp-block-heading\">Us\u0142ugi ksi\u0119gowe, kt\u00f3re oferujemy:<\/h2>\n\n\n\n<p class=\"has-medium-font-size\">Profesjonalna ksi\u0119gowo\u015b\u0107 to sprawna i dok\u0142adna obs\u0142uga. Wspieramy Ci\u0119 w budowaniu silnej i dobrze zarz\u0105dzanej firmy.<br>Oferujemy m.in.:<\/p>\n\n\n\n<ul class=\"wp-block-list\">\n<li class=\"has-medium-font-size\" style=\"margin-top:var(--wp--preset--spacing--20);margin-bottom:var(--wp--preset--spacing--20)\"><strong>Kompleksow\u0105 obs\u0142ug\u0119 ksi\u0119gowo\u015bci,<\/strong><\/li>\n\n\n\n<li class=\"has-medium-font-size\" style=\"margin-top:var(--wp--preset--spacing--20);margin-bottom:var(--wp--preset--spacing--20)\"><strong>Obs\u0142ug\u0119 jednoosobowych dzia\u0142alno\u015bci gospodarczych,<\/strong><\/li>\n\n\n\n<li class=\"has-medium-font-size\" style=\"margin-top:var(--wp--preset--spacing--20);margin-bottom:var(--wp--preset--spacing--20)\"><strong>Dzia\u0142alno\u015b\u0107 na terenie ca\u0142ego kraju,<\/strong><\/li>\n\n\n\n<li class=\"has-medium-font-size\" style=\"margin-top:var(--wp--preset--spacing--20);margin-bottom:var(--wp--preset--spacing--20)\"><strong>Wsp\u00f3\u0142prac\u0119 w j\u0119zyku polskim, angielskim i niemieckim.<\/strong><\/li>\n<\/ul>\n\n\n\n<p><br><em>(Szczeg\u00f3\u0142owa lista us\u0142ug dost\u0119pna jest po klikni\u0119ciu poni\u017cszego przycisku).<\/em><\/p>\n\n\n\n<div class=\"wp-block-buttons is-content-justification-center is-layout-flex wp-container-core-buttons-is-layout-a89b3969 wp-block-buttons-is-layout-flex\">\n<div class=\"wp-block-button\"><a class=\"wp-block-button__link has-black-background-color has-background has-medium-font-size has-custom-font-size wp-element-button\" href=\"https:\/\/testy67.pl\/?page_id=52\" style=\"border-top-left-radius:100px;border-top-right-radius:100px;border-bottom-left-radius:100px;border-bottom-right-radius:100px\">Nasza oferta<\/a><\/div>\n<\/div>\n<\/div>\n\n\n\n<div class=\"wp-block-column is-vertically-aligned-center is-layout-flow wp-block-column-is-layout-flow\">\n<figure class=\"wp-block-image alignfull size-full has-custom-border\" style=\"margin-right:0;margin-left:0\"><img decoding=\"async\" width=\"800\" height=\"768\" src=\"https:\/\/testy67.pl\/wp-content\/uploads\/2026\/01\/ksiegowsc1-800x768-1.jpg\" alt=\"\" class=\"wp-image-238\" style=\"border-top-left-radius:100px;border-top-right-radius:100px;border-bottom-left-radius:100px;border-bottom-right-radius:100px\" srcset=\"https:\/\/testy67.pl\/wp-content\/uploads\/2026\/01\/ksiegowsc1-800x768-1.jpg 800w, https:\/\/testy67.pl\/wp-content\/uploads\/2026\/01\/ksiegowsc1-800x768-1-300x288.jpg 300w, https:\/\/testy67.pl\/wp-content\/uploads\/2026\/01\/ksiegowsc1-800x768-1-768x737.jpg 768w\" sizes=\"(max-width: 800px) 100vw, 800px\" \/><\/figure>\n<\/div>\n<\/div>\n\n\n\n<div class=\"wp-block-columns fade-in2 is-layout-flex wp-container-core-columns-is-layout-28f84493 wp-block-columns-is-layout-flex\">\n<div class=\"wp-block-column is-vertically-aligned-center is-layout-flow wp-block-column-is-layout-flow\">\n<figure class=\"wp-block-image size-full has-custom-border\"><img decoding=\"async\" width=\"800\" height=\"900\" src=\"https:\/\/testy67.pl\/wp-content\/uploads\/2026\/01\/podatki.jpg\" alt=\"\" class=\"wp-image-239\" style=\"border-top-left-radius:100px;border-top-right-radius:100px;border-bottom-left-radius:100px;border-bottom-right-radius:100px\" srcset=\"https:\/\/testy67.pl\/wp-content\/uploads\/2026\/01\/podatki.jpg 800w, https:\/\/testy67.pl\/wp-content\/uploads\/2026\/01\/podatki-267x300.jpg 267w, https:\/\/testy67.pl\/wp-content\/uploads\/2026\/01\/podatki-768x864.jpg 768w\" sizes=\"(max-width: 800px) 100vw, 800px\" \/><\/figure>\n<\/div>\n\n\n\n<div class=\"wp-block-column is-layout-flow wp-block-column-is-layout-flow\" style=\"padding-right:var(--wp--preset--spacing--40);padding-left:var(--wp--preset--spacing--40)\">\n<h2 class=\"wp-block-heading has-text-align-center\">Jak wygl\u0105da wsp\u00f3\u0142praca z naszym biurem rachunkowym?<\/h2>\n\n\n\n<ol style=\"padding-top:var(--wp--preset--spacing--20);padding-right:var(--wp--preset--spacing--30);padding-bottom:var(--wp--preset--spacing--20);padding-left:var(--wp--preset--spacing--30)\" class=\"wp-block-list has-medium-font-size\">\n<li class=\"has-ast-global-color-8-color has-text-color has-link-color has-medium-font-size wp-elements-7ee0814752434c57f2d5d7a504eaebf5\" style=\"margin-top:var(--wp--preset--spacing--20);margin-bottom:var(--wp--preset--spacing--20)\"><strong>Dopasowanie oferty do Twoich potrzeb<\/strong> &#8211; Skontaktuj si\u0119 z nami w wygodny dla Ciebie spos\u00f3b. Wsp\u00f3lnie ustalimy najbardziej korzystn\u0105 dla Ciebie form\u0119 prowadzenia ksi\u0119gowo\u015bci.<\/li>\n\n\n\n<li class=\"has-medium-font-size\" style=\"padding-top:var(--wp--preset--spacing--20);padding-right:0;padding-bottom:var(--wp--preset--spacing--20);padding-left:0\"><strong>Ciesz si\u0119 swobod\u0105 w prowadzeniu firmy!<\/strong> &#8211; My zajmiemy si\u0119 ksi\u0119gowo\u015bci\u0105 \u2013 przypomnimy Ci o wa\u017cnych terminach przelew\u00f3w, z\u0142o\u017cymy za Ciebie deklaracje do ZUS i US oraz zadbamy o niezb\u0119dne formalno\u015bci.&nbsp;<\/li>\n<\/ol>\n\n\n\n<div class=\"wp-block-buttons is-content-justification-center is-layout-flex wp-container-core-buttons-is-layout-a89b3969 wp-block-buttons-is-layout-flex\">\n<div class=\"wp-block-button\"><a class=\"wp-block-button__link has-ast-global-color-8-background-color has-background has-medium-font-size has-text-align-center has-custom-font-size wp-element-button\" href=\"https:\/\/testy67.pl\/?page_id=2\" style=\"border-top-left-radius:100px;border-top-right-radius:100px;border-bottom-left-radius:100px;border-bottom-right-radius:100px\">Dowiedz si\u0119 wi\u0119cej<\/a><\/div>\n<\/div>\n<\/div>\n<\/div>\n\n\n\n<div class=\"wp-block-columns is-layout-flex wp-container-core-columns-is-layout-28f84493 wp-block-columns-is-layout-flex\">\n<div class=\"wp-block-column is-layout-flow wp-block-column-is-layout-flow\" style=\"padding-right:var(--wp--preset--spacing--30);padding-left:var(--wp--preset--spacing--30)\">\n<h2 class=\"wp-block-heading\">Dlaczego klienci nam ufaj\u0105?<\/h2>\n\n\n\n<ul class=\"wp-block-list\">\n<li class=\"has-medium-font-size\" style=\"padding-top:var(--wp--preset--spacing--20);padding-bottom:var(--wp--preset--spacing--20)\">Zaufa\u0142o nam ju\u017c&nbsp;<strong>ponad 150 firm<\/strong>, z kt\u00f3rymi \u0142\u0105czy nas d\u0142ugotrwa\u0142a i owocna wsp\u00f3\u0142praca,<\/li>\n\n\n\n<li class=\"has-medium-font-size\" style=\"padding-top:var(--wp--preset--spacing--20);padding-bottom:var(--wp--preset--spacing--20)\">Dzia\u0142amy na terenie <strong>ca\u0142ego kraju<\/strong>,<\/li>\n\n\n\n<li class=\"has-medium-font-size\" style=\"padding-top:var(--wp--preset--spacing--20);padding-bottom:var(--wp--preset--spacing--20)\"><strong>Szybki kontakt<\/strong>, zlecenia wykonywane na czas,<\/li>\n\n\n\n<li class=\"has-medium-font-size\" style=\"padding-top:var(--wp--preset--spacing--20);padding-bottom:var(--wp--preset--spacing--20)\">W\u0142a\u015bciciel biura posiada <strong>Certyfikat ksi\u0119gowy Ministerstwa Finans\u00f3w<\/strong> nr 16518\/2006,<\/li>\n\n\n\n<li class=\"has-medium-font-size\" style=\"padding-top:var(--wp--preset--spacing--20);padding-bottom:var(--wp--preset--spacing--20)\">Posiadamy zar\u00f3wno obowi\u0105zkowe, jak i dodatkowe <strong>ubezpieczenie OC biur rachunkowych<\/strong>, a tak\u017ce <strong>ubezpieczenie w zakresie obs\u0142ugi kadrowo-p\u0142acowej<\/strong>,<\/li>\n\n\n\n<li class=\"has-medium-font-size\" style=\"padding-top:var(--wp--preset--spacing--20);padding-bottom:var(--wp--preset--spacing--20)\"><strong>Od 2007 roku<\/strong> \u015bwiadczymy us\u0142ugi zdalnie dla firm z ca\u0142ego kraju.<\/li>\n<\/ul>\n<\/div>\n\n\n\n<div class=\"wp-block-column is-vertically-aligned-center is-layout-flow wp-block-column-is-layout-flow\">\n<figure class=\"wp-block-image size-full has-custom-border\"><img loading=\"lazy\" decoding=\"async\" width=\"800\" height=\"900\" src=\"https:\/\/testy67.pl\/wp-content\/uploads\/2026\/01\/podatki-1.jpg\" alt=\"\" class=\"wp-image-241\" style=\"border-top-left-radius:100px;border-top-right-radius:100px;border-bottom-left-radius:100px;border-bottom-right-radius:100px\" srcset=\"https:\/\/testy67.pl\/wp-content\/uploads\/2026\/01\/podatki-1.jpg 800w, https:\/\/testy67.pl\/wp-content\/uploads\/2026\/01\/podatki-1-267x300.jpg 267w, https:\/\/testy67.pl\/wp-content\/uploads\/2026\/01\/podatki-1-768x864.jpg 768w\" sizes=\"(max-width: 800px) 100vw, 800px\" \/><\/figure>\n<\/div>\n<\/div>\n\n\n\n<div class=\"wp-block-columns fade-in3 is-layout-flex wp-container-core-columns-is-layout-28f84493 wp-block-columns-is-layout-flex\">\n<div class=\"wp-block-column is-layout-flow wp-block-column-is-layout-flow\">\n<figure class=\"wp-block-image size-full is-resized has-custom-border\"><img loading=\"lazy\" decoding=\"async\" width=\"480\" height=\"270\" src=\"https:\/\/testy67.pl\/wp-content\/uploads\/2026\/01\/12.jpg\" alt=\"\" class=\"wp-image-244\" style=\"border-top-left-radius:100px;border-top-right-radius:100px;border-bottom-left-radius:100px;border-bottom-right-radius:100px;width:540px;height:auto\" srcset=\"https:\/\/testy67.pl\/wp-content\/uploads\/2026\/01\/12.jpg 480w, https:\/\/testy67.pl\/wp-content\/uploads\/2026\/01\/12-300x169.jpg 300w\" sizes=\"(max-width: 480px) 100vw, 480px\" \/><\/figure>\n<\/div>\n\n\n\n<div class=\"wp-block-column is-layout-flow wp-block-column-is-layout-flow\" style=\"padding-right:var(--wp--preset--spacing--30);padding-left:var(--wp--preset--spacing--30)\">\n<div class=\"wp-block-group is-nowrap is-layout-flex wp-container-core-group-is-layout-6c531013 wp-block-group-is-layout-flex\">\n<h2 class=\"wp-block-heading\">Kontakt z biurem rachunkowym<\/h2>\n<\/div>\n\n\n\n<p class=\"has-medium-font-size\">Mo\u017cna si\u0119 z nami skontaktowa\u0107 przez telefon, formularz, Email lub osobi\u015bcie przyje\u017cd\u017caj\u0105c do biura.<\/p>\n\n\n\n<div class=\"wp-block-buttons is-content-justification-center is-layout-flex wp-container-core-buttons-is-layout-a89b3969 wp-block-buttons-is-layout-flex\">\n<div class=\"wp-block-button\"><a class=\"wp-block-button__link has-ast-global-color-8-background-color has-background has-medium-font-size has-custom-font-size wp-element-button\" href=\"https:\/\/testy67.pl\/?page_id=21\" style=\"border-top-left-radius:100px;border-top-right-radius:100px;border-bottom-left-radius:100px;border-bottom-right-radius:100px\">Kontakt<\/a><\/div>\n<\/div>\n<\/div>\n<\/div>\n\n\n\n<script>\ndocument.addEventListener(\"DOMContentLoaded\", () => {\n  const elements = document.querySelectorAll(\".fade-in1, .fade-in2, .fade-in3\");\n\n  const observer = new IntersectionObserver(entries => {\n    entries.forEach(entry => {\n      if (entry.isIntersecting) {\n        entry.target.classList.add(\"visible\");\n      }\n    });\n  }, { threshold: 0.2 });\n\n  elements.forEach(el => observer.observe(el));\n});\n<\/script>\n\n\n\n<h2 class=\"wp-block-heading has-text-align-center\" style=\"padding-top:var(--wp--preset--spacing--40);padding-bottom:var(--wp--preset--spacing--40)\">Oto firmy, kt\u00f3re postanowi\u0142y nam zaufa\u0107:<\/h2>\n\n\n\n<div class=\"wp-block-cb-carousel-v2 cb-carousel-block\" data-cb-slides-per-view=\"1\" data-cb-slides-per-group=\"1\" data-cb-space-between=\"27\" data-cb-speed=\"200\" data-cb-navigation=\"true\" data-cb-pagination=\"true\" data-cb-loop=\"true\" data-cb-autoplay=\"true\" data-cb-autoplay-speed=\"3000\" data-cb-breakpoints=\"{&quot;768&quot;:{&quot;slidesPerView&quot;:3,&quot;slidesPerGroup&quot;:1}}\"><div class=\"swiper\"><div class=\"cb-wrapper swiper-wrapper\">\n<div class=\"wp-block-cb-slide-v2 cb-slide swiper-slide\">\n<figure class=\"wp-block-image aligncenter size-full is-resized\"><img loading=\"lazy\" decoding=\"async\" width=\"600\" height=\"300\" src=\"https:\/\/testy67.pl\/wp-content\/uploads\/2026\/01\/dlatesterow.png\" alt=\"\" class=\"wp-image-193\" style=\"aspect-ratio:2.0000828225940035;width:342px;height:auto\" srcset=\"https:\/\/testy67.pl\/wp-content\/uploads\/2026\/01\/dlatesterow.png 600w, https:\/\/testy67.pl\/wp-content\/uploads\/2026\/01\/dlatesterow-300x150.png 300w\" sizes=\"(max-width: 600px) 100vw, 600px\" \/><\/figure>\n<\/div>\n\n\n\n<div class=\"wp-block-cb-slide-v2 cb-slide swiper-slide\">\n<figure class=\"wp-block-image aligncenter size-full\"><img loading=\"lazy\" decoding=\"async\" width=\"388\" height=\"140\" src=\"https:\/\/testy67.pl\/wp-content\/uploads\/2026\/01\/kistler-logo-biale.jpg\" alt=\"\" class=\"wp-image-192\" srcset=\"https:\/\/testy67.pl\/wp-content\/uploads\/2026\/01\/kistler-logo-biale.jpg 388w, https:\/\/testy67.pl\/wp-content\/uploads\/2026\/01\/kistler-logo-biale-300x108.jpg 300w\" sizes=\"(max-width: 388px) 100vw, 388px\" \/><\/figure>\n<\/div>\n\n\n\n<div class=\"wp-block-cb-slide-v2 cb-slide swiper-slide\">\n<figure class=\"wp-block-image aligncenter size-full\"><img loading=\"lazy\" decoding=\"async\" width=\"129\" height=\"140\" src=\"https:\/\/testy67.pl\/wp-content\/uploads\/2026\/01\/logo-can.jpg\" alt=\"\" class=\"wp-image-190\"\/><\/figure>\n<\/div>\n\n\n\n<div class=\"wp-block-cb-slide-v2 cb-slide swiper-slide\">\n<figure class=\"wp-block-image aligncenter size-full is-resized\"><img loading=\"lazy\" decoding=\"async\" width=\"186\" height=\"120\" src=\"https:\/\/testy67.pl\/wp-content\/uploads\/2026\/01\/coffinance.jpg\" alt=\"\" class=\"wp-image-352\" style=\"width:220px;height:auto\"\/><\/figure>\n<\/div>\n\n\n\n<div class=\"wp-block-cb-slide-v2 cb-slide swiper-slide\">\n<figure class=\"wp-block-image aligncenter size-full\"><img loading=\"lazy\" decoding=\"async\" width=\"250\" height=\"140\" src=\"https:\/\/testy67.pl\/wp-content\/uploads\/2026\/01\/wemoveeurope_ggmbh_logo_end_300_0-1.png\" alt=\"\" class=\"wp-image-353\"\/><\/figure>\n<\/div>\n\n\n\n<div class=\"wp-block-cb-slide-v2 cb-slide swiper-slide\">\n<figure class=\"wp-block-image aligncenter size-full\"><img loading=\"lazy\" decoding=\"async\" width=\"400\" height=\"84\" src=\"https:\/\/testy67.pl\/wp-content\/uploads\/2026\/01\/BWN-logo-sm-cropped-1.png\" alt=\"\" class=\"wp-image-354\" srcset=\"https:\/\/testy67.pl\/wp-content\/uploads\/2026\/01\/BWN-logo-sm-cropped-1.png 400w, https:\/\/testy67.pl\/wp-content\/uploads\/2026\/01\/BWN-logo-sm-cropped-1-300x63.png 300w\" sizes=\"(max-width: 400px) 100vw, 400px\" \/><\/figure>\n<\/div>\n<\/div><\/div><div class=\"cb-pagination swiper-pagination\"><\/div><div class=\"cb-button-prev swiper-button-prev\"><\/div><div class=\"cb-button-next swiper-button-next\"><\/div><\/div>\n","protected":false},"excerpt":{"rendered":"<p>Biuro rachunkowe \u2013 ksi\u0119gowo\u015b\u0107 ma\u0142ych firm Szukasz sprawdzonej, pewnej ksi\u0119gowo\u015bci? Do\u0142\u0105cz do ponad 150 firm, kt\u00f3re nam zaufa\u0142y i ciesz si\u0119 spokojem z podatkami! Monitorujemy, doradzamy, analizujemy i rozliczamy \u2013 wszystko po to aby\u015b m\u00f3g\u0142 jak najbardziej skupi\u0107 si\u0119 na prowadzeniu firmy! Dzi\u0119ki nam podatki twojej firmy b\u0119d\u0105 prostsze! Us\u0142ugi ksi\u0119gowe, kt\u00f3re oferujemy: Profesjonalna ksi\u0119gowo\u015b\u0107 [&hellip;]<\/p>\n","protected":false},"author":1,"featured_media":0,"parent":0,"menu_order":0,"comment_status":"closed","ping_status":"closed","template":"","meta":{"site-sidebar-layout":"default","site-content-layout":"","ast-site-content-layout":"default","site-content-style":"default","site-sidebar-style":"default","ast-global-header-display":"","ast-banner-title-visibility":"","ast-main-header-display":"","ast-hfb-above-header-display":"","ast-hfb-below-header-display":"","ast-hfb-mobile-header-display":"","site-post-title":"disabled","ast-breadcrumbs-content":"","ast-featured-img":"","footer-sml-layout":"","ast-disable-related-posts":"","theme-transparent-header-meta":"","adv-header-id-meta":"","stick-header-meta":"","header-above-stick-meta":"","header-main-stick-meta":"","header-below-stick-meta":"","astra-migrate-meta-layouts":"default","ast-page-background-enabled":"default","ast-page-background-meta":{"desktop":{"background-color":"var(--ast-global-color-5)","background-image":"","background-repeat":"repeat","background-position":"center center","background-size":"auto","background-attachment":"scroll","background-type":"","background-media":"","overlay-type":"","overlay-color":"","overlay-opacity":"","overlay-gradient":""},"tablet":{"background-color":"","background-image":"","background-repeat":"repeat","background-position":"center center","background-size":"auto","background-attachment":"scroll","background-type":"","background-media":"","overlay-type":"","overlay-color":"","overlay-opacity":"","overlay-gradient":""},"mobile":{"background-color":"","background-image":"","background-repeat":"repeat","background-position":"center center","background-size":"auto","background-attachment":"scroll","background-type":"","background-media":"","overlay-type":"","overlay-color":"","overlay-opacity":"","overlay-gradient":""}},"ast-content-background-meta":{"desktop":{"background-color":"var(--ast-global-color-4)","background-image":"","background-repeat":"repeat","background-position":"center center","background-size":"auto","background-attachment":"scroll","background-type":"","background-media":"","overlay-type":"","overlay-color":"","overlay-opacity":"","overlay-gradient":""},"tablet":{"background-color":"var(--ast-global-color-4)","background-image":"","background-repeat":"repeat","background-position":"center center","background-size":"auto","background-attachment":"scroll","background-type":"","background-media":"","overlay-type":"","overlay-color":"","overlay-opacity":"","overlay-gradient":""},"mobile":{"background-color":"var(--ast-global-color-4)","background-image":"","background-repeat":"repeat","background-position":"center center","background-size":"auto","background-attachment":"scroll","background-type":"","background-media":"","overlay-type":"","overlay-color":"","overlay-opacity":"","overlay-gradient":""}},"footnotes":""},"class_list":["post-34","page","type-page","status-publish","hentry"],"_links":{"self":[{"href":"https:\/\/testy67.pl\/index.php?rest_route=\/wp\/v2\/pages\/34","targetHints":{"allow":["GET"]}}],"collection":[{"href":"https:\/\/testy67.pl\/index.php?rest_route=\/wp\/v2\/pages"}],"about":[{"href":"https:\/\/testy67.pl\/index.php?rest_route=\/wp\/v2\/types\/page"}],"author":[{"embeddable":true,"href":"https:\/\/testy67.pl\/index.php?rest_route=\/wp\/v2\/users\/1"}],"replies":[{"embeddable":true,"href":"https:\/\/testy67.pl\/index.php?rest_route=%2Fwp%2Fv2%2Fcomments&post=34"}],"version-history":[{"count":89,"href":"https:\/\/testy67.pl\/index.php?rest_route=\/wp\/v2\/pages\/34\/revisions"}],"predecessor-version":[{"id":394,"href":"https:\/\/testy67.pl\/index.php?rest_route=\/wp\/v2\/pages\/34\/revisions\/394"}],"wp:attachment":[{"href":"https:\/\/testy67.pl\/index.php?rest_route=%2Fwp%2Fv2%2Fmedia&parent=34"}],"curies":[{"name":"wp","href":"https:\/\/api.w.org\/{rel}","templated":true}]}}